{"id":2013,"date":"2015-08-21T17:54:00","date_gmt":"2015-08-21T14:54:00","guid":{"rendered":"http:\/\/www.bilisim.org.tr\/bilisim2015\/?page_id=2013"},"modified":"2015-12-02T12:00:16","modified_gmt":"2015-12-02T10:00:16","slug":"kayit","status":"publish","type":"page","link":"https:\/\/www.bilisim.org.tr\/bilisim2015\/kayit\/","title":{"rendered":"Kay\u0131t"},"content":{"rendered":"<h3 style=\"text-align: center;\"><strong>\u00c7evrimi\u00e7i Kay\u0131tlar\u0131m\u0131z Kapanm\u0131\u015ft\u0131r.<\/strong><\/h3>\n<h3 style=\"text-align: center;\">Etkinli\u011fimize kat\u0131l\u0131m \u00fccretsiz olup, giri\u015fte kay\u0131t masas\u0131nda kay\u0131t yapt\u0131rarak etkinli\u011fimize kat\u0131labilirsiniz.<\/h3>\n","protected":false},"excerpt":{"rendered":"<p>\u00c7evrimi\u00e7i Kay\u0131tlar\u0131m\u0131z Kapanm\u0131\u015ft\u0131r. Etkinli\u011fimize kat\u0131l\u0131m \u00fccretsiz olup, giri\u015fte kay\u0131t masas\u0131nda kay\u0131t yapt\u0131rarak etkinli\u011fimize kat\u0131labilirsiniz.<\/p>\n","protected":false},"author":2,"featured_media":0,"parent":0,"menu_order":0,"comment_status":"closed","ping_status":"closed","template":"template-full-width.php","meta":{"footnotes":""},"_links":{"self":[{"href":"https:\/\/www.bilisim.org.tr\/bilisim2015\/wp-json\/wp\/v2\/pages\/2013"}],"collection":[{"href":"https:\/\/www.bilisim.org.tr\/bilisim2015\/wp-json\/wp\/v2\/pages"}],"about":[{"href":"https:\/\/www.bilisim.org.tr\/bilisim2015\/wp-json\/wp\/v2\/types\/page"}],"author":[{"embeddable":true,"href":"https:\/\/www.bilisim.org.tr\/bilisim2015\/wp-json\/wp\/v2\/users\/2"}],"replies":[{"embeddable":true,"href":"https:\/\/www.bilisim.org.tr\/bilisim2015\/wp-json\/wp\/v2\/comments?post=2013"}],"version-history":[{"count":4,"href":"https:\/\/www.bilisim.org.tr\/bilisim2015\/wp-json\/wp\/v2\/pages\/2013\/revisions"}],"predecessor-version":[{"id":2967,"href":"https:\/\/www.bilisim.org.tr\/bilisim2015\/wp-json\/wp\/v2\/pages\/2013\/revisions\/2967"}],"wp:attachment":[{"href":"https:\/\/www.bilisim.org.tr\/bilisim2015\/wp-json\/wp\/v2\/media?parent=2013"}],"curies":[{"name":"wp","href":"https:\/\/api.w.org\/{rel}","templated":true}]}}